is divided by 186.
184
What is the remainder when 377993 is divided by 720?
713
Calculate the remainder when 239618 is divided by 20.
18
Calculate the remainder when 158560 is divided by 543.
4
What is the remainder when 113604 is divided by 42?
36
What is the remainder when 12299 is divided by 2674?
1603
What is the remainder when 26900 is divided by 150?
50
What is the remainder when 1162 is divided by 84?
70
What is the remainder when 5101 is divided by 3892?
1209
Calculate the remainder when 21970 is divided by 127.
126
What is the remainder when 43515 is divided by 7238?
87
Calculate the remainder when 74688 is divided by 37327.
34
Calculate the remainder when 96242 is divided by 13744.
34
What is the remainder when 308882 is divided by 94?
92
What is the remainder when 287998 is divided by 120?
118
What is the remainder when 3321 is divided by 3306?
15
Calculate the remainder when 233279 is divided by 160.
159
Calculate the remainder when 11729 is divided by 3879.
92
What is the remainder when 408799 is divided by 13187?
2
Calculate the remainder when 12039 is divided by 6.
3
What is the remainder when 24186 is divided by 78?
6
What is the remainder when 18771 is divided by 74?
49
What is the remainder when 157 is divided by 103?
54
Calculate the remainder when 28833 is divided by 14299.
235
What is the remainder when 1040 is divided by 54?
14
What is the remainder when 197360 is divided by 4?
0
Calculate the remainder when 19178 is divided by 1916.
18
What is the remainder when 1953 is divided by 80?
33
What is the remainder when 28445 is divided by 79?
5
What is the remainder when 6050 is divided by 497?
86
What is the remainder when 3967 is divided by 985?
27
Calculate the remainder when 3910 is divided by 66.
16
Calculate the remainder when 17703 is divided by 652.
99
Calculate the remainder when 1558 is divided by 257.
16
What is the remainder when 120381 is divided by 114?
111
Calculate the remainder when 151551 is divided by 87.
84
Calculate the remainder when 32367 is divided by 213.
204
What is the remainder when 793958 is divided by 106?
18
What is the remainder when 9508 is divided by 74?
36
Calculate the remainder when 1572 is divided by 64.
36
What is the remainder when 126993 is divided by 419?
36
Calculate the remainder when 20591 is divided by 156.
155
Calculate the remainder when 274 is divided by 273.
1
Calculate the remainder when 568 is divided by 68.
24
Calculate the remainder when 31790 is divided by 82.
56
What is the remainder when 4943 is divided by 243?
83
Calculate the remainder when 26489 is divided by 184.
177
Calculate the remainder when 5892 is divided by 1003.
877
What is the remainder when 7374 is divided by 298?
222
What is the remainder when 4272 is divided by 634?
468
Calculate the remainder when 20597 is divided by 10281.
35
What is the remainder when 5106 is divided by 110?
46
What is the remainder when 162016 is divided by 162010?
6
What is the remainder when 18671 is divided by 18658?
13
Calculate the remainder when 9502 is divided by 1054.
16
Calculate the remainder when 15321 is divided by 105.
96
Calculate the remainder when 519980 is divided by 491.
11
What is the remainder when 4831 is divided by 50?
31
What is the remainder when 13031 is divided by 1302?
11
Calculate the remainder when 65271 is divided by 371.
346
Calculate the remainder when 173675 is divided by 120.
35
Calculate the remainder when 7270 is divided by 162.
142
What is the remainder when 10998 is divided by 2190?
48
What is the remainder when 45283 is divided by 45?
13
Calculate the remainder when 4308 is divided by 177.
60
What is the remainder when 8176523 is divided by 204?
203
Calculate the remainder when 39587 is divided by 98.
93
What is the remainder when 66803 is divided by 1669?
43
What is the remainder when 620422 is divided by 21?
19
Calculate the remainder when 11263 is divided by 304.
15
Calculate the remainder when 46231 is divided by 185.
166
Calculate the remainder when 33471 is divided by 279.
270
What is the remainder when 10755 is divided by 7?
3
Calculate the remainder when 20746 is divided by 26.
24
What is the remainder when 1404 is divided by 279?
9
What is the remainder when 8756 is divided by 2189?
0
Calculate the remainder when 258547 is divided by 72.
67
What is the remainder when 10091 is divided by 3344?
59
What is the remainder when 41317 is divided by 41308?
9
Calculate the remainder when 617723 is divided by 73.
70
Calculate the remainder when 50801 is divided by 574.
289
What is the remainder when 248772 is divided by 44?
40
What is the remainder when 303468 is divided by 82?
68
Calculate the remainder when 13968 is divided by 4333.
969
What is the remainder when 2193344 is divided by 98?
6
Calculate the remainder when 12853 is divided by 140.
113
Calculate the remainder when 5870763 is divided by 131.
129
Calculate the remainder when 436869 is divided by 70.
69
What is the remainder when 2399217 is divided by 1231?
1229
What is the remainder when 3079 is divided by 100?
79
What is the remainder when 132942 is divided by 1899?
12
What is the remainder when 760 is divided by 163?
108
What is the remainder when 35447 is divided by 20?
7
What is the remainder when 34265 is divided by 34260?
5
Calculate the remainder when 76810 is divided by 1506.
4
What is the remainder when 217012 is divided by 54240?
52
Calculate the remainder when 1149517 is divided by 80.
77
Calculate the remainder when 37378 is divided by 30.
28
Calculate the remainder when 7094 is divided by 1480.
1174
Calculate the remainder when 494677 is divided by 174.
169
What is the remainder when 837 is divided by 199?
41
What is the remainder when 5691 is divided by 711?
3
Calculate the remainder when 3337 is divided by 210.
187
Calculate the remainder when 370437 is divided by 33.
12
What is the remainder when 1581 is divided by 169?
60
Calculate the remainder when 6736 is divided by 1446.
952
What is the remainder when 35310 is divided by 318?
12
Calculate the remainder when 51358 is divided by 77.
76
Calculate the remainder when 8707 is divided by 12.
7
Calculate the remainder when 348827 is divided by 16.
11
What is the remainder when 59294 is divided by 272?
270
Calculate the remainder when 19334 is divided by 263.
135
What is the remainder when 15010605 is divided by 19?
16
What is the remainder when 3055 is divided by 340?
335
Calculate the remainder when 1668698 is divided by 964.
14
Calculate the remainder when 3373 is divided by 21.
13
What is the remainder when 32259 is divided by 3208?
179
What is the remainder when 803133 is divided by 808?
789
Calculate the remainder when 34202 is divided by 760.
2
What is the remainder when 900696 is divided by 50?
46
Calculate the remainder when 3298 is divided by 70.
8
Calculate the remainder when 111674 is divided by 181.
178
What is the remainder when 11414 is divided by 13?
0
What is the remainder when 5596 is divided by 1114?
26
Calculate the remainder when 63938 is divided by 214.
166
What is the remainder when 1685211 is divided by 373?
370
Calculate the remainder when 249993 is divided by 223.
10
Calculate the remainder when 3882 is divided by 83.
64
What is the remainder when 26133 is divided by 3263?
29
Calculate the remainder when 3608 is divided by 99.
44
Calculate the remainder when 1435963 is divided by 27.
22
Calculate the remainder when 243935 is divided by 484.
483
Calculate the remainder when 107588 is divided by 503.
449
Calculate the remainder when 4349 is divided by 723.
11
Calculate the remainder when 631485 is divided by 352.
349
What is the remainder when 757511 is divided by 15?
11
Calculate the remainder when 215277 is divided by 207.
204
What is the remainder when 7325 is divided by 591?
233
Calculate the remainder when 15847 is divided by 283.
282
What is the remainder when 43996 is divided by 46?
20
What is the remainder when 129886 is divided by 29?
24
What is the remainder when 30281 is divided by 12?
5
What is the remainder when 33020 is divided by 209?
207
Calculate the remainder when 661865 is divided by 37.
9
Calculate the remainder when 12167 is divided by 2432.
7
Calculate the remainder when 22819 is divided by 22721.
98
Calculate the remainde